{"id":10,"date":"2023-09-21T16:37:07","date_gmt":"2023-09-21T14:37:07","guid":{"rendered":"https:\/\/noticias.contakaizen.cl\/?page_id=10"},"modified":"2023-09-23T07:10:49","modified_gmt":"2023-09-23T05:10:49","slug":"inicio","status":"publish","type":"page","link":"https:\/\/noticias.contakaizen.cl\/","title":{"rendered":"Inicio"},"content":{"rendered":"\t\t<div data-elementor-type=\"wp-page\" data-elementor-id=\"10\" class=\"elementor elementor-10\">\n\t\t\t\t<div class=\"elementor-element elementor-element-f6e4efc e-flex e-con-boxed e-con e-parent\" data-id=\"f6e4efc\" data-element_type=\"container\">\n\t\t\t\t\t<div class=\"e-con-inner\">\n\t\t\t\t<div class=\"elementor-element elementor-element-1999194 elementor-widget elementor-widget-spacer\" data-id=\"1999194\" data-element_type=\"widget\" data-widget_type=\"spacer.default\">\n\t\t\t\t<div class=\"elementor-widget-container\">\n\t\t\t\t\t\t\t<div class=\"elementor-spacer\">\n\t\t\t<div class=\"elementor-spacer-inner\"><\/div>\n\t\t<\/div>\n\t\t\t\t\t\t<\/div>\n\t\t\t\t<\/div>\n\t\t\t\t\t<\/div>\n\t\t\t\t<\/div>\n\t\t<div class=\"elementor-element elementor-element-577376c e-con-full animated-slow e-flex elementor-invisible e-con e-parent\" data-id=\"577376c\" data-element_type=\"container\" data-settings=\"{&quot;animation&quot;:&quot;fadeIn&quot;}\">\n\t\t\t\t<div class=\"elementor-element elementor-element-55c91f1 elementor-widget elementor-widget-image\" data-id=\"55c91f1\" data-element_type=\"widget\" data-widget_type=\"image.default\">\n\t\t\t\t<div class=\"elementor-widget-container\">\n\t\t\t\t\t\t\t\t\t\t\t\t\t\t\t<img fetchpriority=\"high\" decoding=\"async\" width=\"512\" height=\"512\" src=\"https:\/\/noticias.contakaizen.cl\/wp-content\/uploads\/2023\/09\/cropped-Logo-Contakaizen-Newsletter-1.png\" class=\"attachment-large size-large wp-image-56\" alt=\"\" srcset=\"https:\/\/noticias.contakaizen.cl\/wp-content\/uploads\/2023\/09\/cropped-Logo-Contakaizen-Newsletter-1.png 512w, https:\/\/noticias.contakaizen.cl\/wp-content\/uploads\/2023\/09\/cropped-Logo-Contakaizen-Newsletter-1-300x300.png 300w, https:\/\/noticias.contakaizen.cl\/wp-content\/uploads\/2023\/09\/cropped-Logo-Contakaizen-Newsletter-1-150x150.png 150w, https:\/\/noticias.contakaizen.cl\/wp-content\/uploads\/2023\/09\/cropped-Logo-Contakaizen-Newsletter-1-270x270.png 270w, https:\/\/noticias.contakaizen.cl\/wp-content\/uploads\/2023\/09\/cropped-Logo-Contakaizen-Newsletter-1-192x192.png 192w, https:\/\/noticias.contakaizen.cl\/wp-content\/uploads\/2023\/09\/cropped-Logo-Contakaizen-Newsletter-1-180x180.png 180w, https:\/\/noticias.contakaizen.cl\/wp-content\/uploads\/2023\/09\/cropped-Logo-Contakaizen-Newsletter-1-32x32.png 32w\" sizes=\"(max-width: 512px) 100vw, 512px\" \/>\t\t\t\t\t\t\t\t\t\t\t\t\t\t\t<\/div>\n\t\t\t\t<\/div>\n\t\t\t\t<\/div>\n\t\t<div class=\"elementor-element elementor-element-9e53df1 e-con-full animated-slow e-flex elementor-invisible e-con e-parent\" data-id=\"9e53df1\" data-element_type=\"container\" data-settings=\"{&quot;animation&quot;:&quot;fadeIn&quot;}\">\n\t\t<div class=\"elementor-element elementor-element-f6edeba e-flex e-con-boxed e-con e-child\" data-id=\"f6edeba\" data-element_type=\"container\">\n\t\t\t\t\t<div class=\"e-con-inner\">\n\t\t\t\t<div class=\"elementor-element elementor-element-ffcdf7b elementor-widget elementor-widget-heading\" data-id=\"ffcdf7b\" data-element_type=\"widget\" data-widget_type=\"heading.default\">\n\t\t\t\t<div class=\"elementor-widget-container\">\n\t\t\t\t\t<h2 class=\"elementor-heading-title elementor-size-large\">CONTAKAIZEN<\/h2>\t\t\t\t<\/div>\n\t\t\t\t<\/div>\n\t\t\t\t\t<\/div>\n\t\t\t\t<\/div>\n\t\t\t\t<div class=\"elementor-element elementor-element-0f48032 e-transform e-transform elementor-widget elementor-widget-text-editor\" data-id=\"0f48032\" data-element_type=\"widget\" data-settings=\"{&quot;_transform_rotateZ_effect_hover&quot;:{&quot;unit&quot;:&quot;px&quot;,&quot;size&quot;:0,&quot;sizes&quot;:[]},&quot;_transform_translateX_effect_hover&quot;:{&quot;unit&quot;:&quot;px&quot;,&quot;size&quot;:0,&quot;sizes&quot;:[]},&quot;_transform_translateY_effect_hover&quot;:{&quot;unit&quot;:&quot;px&quot;,&quot;size&quot;:0,&quot;sizes&quot;:[]},&quot;_transform_rotateZ_effect_hover_tablet&quot;:{&quot;unit&quot;:&quot;deg&quot;,&quot;size&quot;:&quot;&quot;,&quot;sizes&quot;:[]},&quot;_transform_rotateZ_effect_hover_mobile&quot;:{&quot;unit&quot;:&quot;deg&quot;,&quot;size&quot;:&quot;&quot;,&quot;sizes&quot;:[]},&quot;_transform_translateX_effect_hover_tablet&quot;:{&quot;unit&quot;:&quot;px&quot;,&quot;size&quot;:&quot;&quot;,&quot;sizes&quot;:[]},&quot;_transform_translateX_effect_hover_mobile&quot;:{&quot;unit&quot;:&quot;px&quot;,&quot;size&quot;:&quot;&quot;,&quot;sizes&quot;:[]},&quot;_transform_translateY_effect_hover_tablet&quot;:{&quot;unit&quot;:&quot;px&quot;,&quot;size&quot;:&quot;&quot;,&quot;sizes&quot;:[]},&quot;_transform_translateY_effect_hover_mobile&quot;:{&quot;unit&quot;:&quot;px&quot;,&quot;size&quot;:&quot;&quot;,&quot;sizes&quot;:[]}}\" data-widget_type=\"text-editor.default\">\n\t\t\t\t<div class=\"elementor-widget-container\">\n\t\t\t\t\t\t\t\t\t<p>Suscr\u00edbete gratis a nuestra newsletter para que recibas semanalmente las mejores noticias de <b>Emprendimiento | Tributaci\u00f3n | Contabilidad | Negocios | Res\u00famenes de Libros&nbsp; <span role=\"img\" aria-label=\"\ud83d\ude80\"><span role=\"img\" aria-label=\"\ud83d\udcd6\"><img decoding=\"async\" draggable=\"false\" role=\"img\" class=\"emoji\" alt=\"\ud83d\udcd6\" src=\"https:\/\/s.w.org\/images\/core\/emoji\/14.0.0\/svg\/1f4d6.svg\"> <\/span><\/span><span role=\"img\" aria-label=\"\ud83c\udfe6\"><img decoding=\"async\" draggable=\"false\" role=\"img\" class=\"emoji\" alt=\"\ud83c\udfe6\" src=\"https:\/\/s.w.org\/images\/core\/emoji\/14.0.0\/svg\/1f3e6.svg\"><\/span> <span role=\"img\" aria-label=\"\ud83d\udcb5\"><img decoding=\"async\" draggable=\"false\" role=\"img\" class=\"emoji\" alt=\"\ud83d\udcb5\" src=\"https:\/\/s.w.org\/images\/core\/emoji\/14.0.0\/svg\/1f4b5.svg\"><\/span> <span role=\"img\" aria-label=\"\ud83d\ude80\"><img decoding=\"async\" draggable=\"false\" role=\"img\" class=\"emoji\" alt=\"\ud83d\ude80\" src=\"https:\/\/s.w.org\/images\/core\/emoji\/14.0.0\/svg\/1f680.svg\">&nbsp;<\/span><\/b><\/p>\t\t\t\t\t\t\t\t<\/div>\n\t\t\t\t<\/div>\n\t\t\t\t<\/div>\n\t\t<div class=\"elementor-element elementor-element-e31154f e-con-full animated-slow e-flex elementor-invisible e-con e-parent\" data-id=\"e31154f\" data-element_type=\"container\" data-settings=\"{&quot;animation&quot;:&quot;fadeIn&quot;}\">\n\t\t\t\t<div class=\"elementor-element elementor-element-4ea609c elementor-widget elementor-widget-wp-widget-newsletterwidgetminimal\" data-id=\"4ea609c\" data-element_type=\"widget\" data-widget_type=\"wp-widget-newsletterwidgetminimal.default\">\n\t\t\t\t<div class=\"elementor-widget-container\">\n\t\t\t\t\t<div class=\"tnp tnp-widget-minimal\"><form class=\"tnp-form\" action=\"https:\/\/noticias.contakaizen.cl\/wp-admin\/admin-ajax.php?action=tnp&na=s\" method=\"post\"><input type=\"hidden\" name=\"nr\" value=\"widget-minimal\"\/><input class=\"tnp-email\" type=\"email\" required name=\"ne\" value=\"\" placeholder=\"\"><input class=\"tnp-submit\" type=\"submit\" value=\"Suscribirse \ud83d\udcc4 \ud83d\ude80 \"><\/form><\/div>\t\t\t\t<\/div>\n\t\t\t\t<\/div>\n\t\t\t\t<\/div>\n\t\t<div class=\"elementor-element elementor-element-dcab506 e-con-full e-flex e-con e-parent\" data-id=\"dcab506\" data-element_type=\"container\">\n\t\t\t\t<div class=\"elementor-element elementor-element-1a951f8 elementor-widget__width-inherit elementor-widget elementor-widget-spacer\" data-id=\"1a951f8\" data-element_type=\"widget\" data-widget_type=\"spacer.default\">\n\t\t\t\t<div class=\"elementor-widget-container\">\n\t\t\t\t\t\t\t<div class=\"elementor-spacer\">\n\t\t\t<div class=\"elementor-spacer-inner\"><\/div>\n\t\t<\/div>\n\t\t\t\t\t\t<\/div>\n\t\t\t\t<\/div>\n\t\t\t\t<\/div>\n\t\t<div class=\"elementor-element elementor-element-504f64d e-con-full e-flex e-con e-parent\" data-id=\"504f64d\" data-element_type=\"container\">\n\t\t\t\t<div class=\"elementor-element elementor-element-686ee45 elementor-widget__width-initial animated-slow elementor-invisible elementor-widget elementor-widget-wp-widget-recent-posts\" data-id=\"686ee45\" data-element_type=\"widget\" data-settings=\"{&quot;_animation&quot;:&quot;fadeIn&quot;}\" data-widget_type=\"wp-widget-recent-posts.default\">\n\t\t\t\t<div class=\"elementor-widget-container\">\n\t\t\t\t\t\n\t\t\n\t\t<h5>\u00daltimas Newsletter<\/h5><nav aria-label=\"\u00daltimas Newsletter\">\n\t\t<ul>\n\t\t\t\t\t\t\t\t\t\t\t<li>\n\t\t\t\t\t<a href=\"https:\/\/noticias.contakaizen.cl\/index.php\/2025\/06\/09\/que-gastos-puedes-rebajar-en-tu-empresa-y-como-justificarlos-ante-el-sii\/\">\u00bfQu\u00e9 gastos puedes rebajar en tu empresa y c\u00f3mo justificarlos ante el SII?<\/a>\n\t\t\t\t\t\t\t\t\t\t\t<span class=\"post-date\">9 de junio de 2025<\/span>\n\t\t\t\t\t\t\t\t\t<\/li>\n\t\t\t\t\t\t\t\t\t\t\t<li>\n\t\t\t\t\t<a href=\"https:\/\/noticias.contakaizen.cl\/index.php\/2024\/12\/26\/declaracion-de-renta-en-chile-guia-completa-para-cumplir-con-tus-obligaciones-tributarias-y-optimizar-impuestos\/\">Declaraci\u00f3n de Renta en Chile: Gu\u00eda Completa para Cumplir con tus Obligaciones Tributarias y Optimizar Impuestos<\/a>\n\t\t\t\t\t\t\t\t\t\t\t<span class=\"post-date\">26 de diciembre de 2024<\/span>\n\t\t\t\t\t\t\t\t\t<\/li>\n\t\t\t\t\t\t\t\t\t\t\t<li>\n\t\t\t\t\t<a href=\"https:\/\/noticias.contakaizen.cl\/index.php\/2024\/12\/23\/que-es-la-declaracion-de-renta-y-por-que-es-clave-para-tu-negocio\/\">\u00bfQu\u00e9 es la Declaraci\u00f3n de Renta y por qu\u00e9 es clave para tu negocio?<\/a>\n\t\t\t\t\t\t\t\t\t\t\t<span class=\"post-date\">23 de diciembre de 2024<\/span>\n\t\t\t\t\t\t\t\t\t<\/li>\n\t\t\t\t\t<\/ul>\n\n\t\t<\/nav>\t\t\t\t<\/div>\n\t\t\t\t<\/div>\n\t\t\t\t<\/div>\n\t\t\t\t<\/div>\n\t\t","protected":false},"excerpt":{"rendered":"<p>CONTAKAIZEN Suscr\u00edbete gratis a nuestra newsletter para que recibas semanalmente las mejores noticias de Emprendimiento | Tributaci\u00f3n | Contabilidad | Negocios | Res\u00famenes de Libros&nbsp; &nbsp;<\/p>\n","protected":false},"author":1,"featured_media":0,"parent":0,"menu_order":0,"comment_status":"closed","ping_status":"closed","template":"","meta":{"_monsterinsights_skip_tracking":false,"_monsterinsights_sitenote_active":false,"_monsterinsights_sitenote_note":"","_monsterinsights_sitenote_category":0,"site-sidebar-layout":"no-sidebar","site-content-layout":"plain-container","ast-site-content-layout":"","site-content-style":"default","site-sidebar-style":"default","ast-global-header-display":"","ast-banner-title-visibility":"","ast-main-header-display":"","ast-hfb-above-header-display":"","ast-hfb-below-header-display":"","ast-hfb-mobile-header-display":"","site-post-title":"disabled","ast-breadcrumbs-content":"","ast-featured-img":"","footer-sml-layout":"","theme-transparent-header-meta":"enabled","adv-header-id-meta":"","stick-header-meta":"","header-above-stick-meta":"","header-main-stick-meta":"","header-below-stick-meta":"","astra-migrate-meta-layouts":"","ast-page-background-enabled":"default","ast-page-background-meta":{"desktop":{"background-color":"var(--ast-global-color-4)","background-image":"","background-repeat":"repeat","background-position":"center center","background-size":"auto","background-attachment":"scroll","background-type":"","background-media":"","overlay-type":"","overlay-color":"","overlay-gradient":""},"tablet":{"background-color":"","background-image":"","background-repeat":"repeat","background-position":"center center","background-size":"auto","background-attachment":"scroll","background-type":"","background-media":"","overlay-type":"","overlay-color":"","overlay-gradient":""},"mobile":{"background-color":"","background-image":"","background-repeat":"repeat","background-position":"center center","background-size":"auto","background-attachment":"scroll","background-type":"","background-media":"","overlay-type":"","overlay-color":"","overlay-gradient":""}},"ast-content-background-meta":{"desktop":{"background-color":"var(--ast-global-color-5)","background-image":"","background-repeat":"repeat","background-position":"center center","background-size":"auto","background-attachment":"scroll","background-type":"","background-media":"","overlay-type":"","overlay-color":"","overlay-gradient":""},"tablet":{"background-color":"var(--ast-global-color-5)","background-image":"","background-repeat":"repeat","background-position":"center center","background-size":"auto","background-attachment":"scroll","background-type":"","background-media":"","overlay-type":"","overlay-color":"","overlay-gradient":""},"mobile":{"background-color":"var(--ast-global-color-5)","background-image":"","background-repeat":"repeat","background-position":"center center","background-size":"auto","background-attachment":"scroll","background-type":"","background-media":"","overlay-type":"","overlay-color":"","overlay-gradient":""}},"footnotes":""},"class_list":["post-10","page","type-page","status-publish","hentry"],"_links":{"self":[{"href":"https:\/\/noticias.contakaizen.cl\/index.php\/wp-json\/wp\/v2\/pages\/10"}],"collection":[{"href":"https:\/\/noticias.contakaizen.cl\/index.php\/wp-json\/wp\/v2\/pages"}],"about":[{"href":"https:\/\/noticias.contakaizen.cl\/index.php\/wp-json\/wp\/v2\/types\/page"}],"author":[{"embeddable":true,"href":"https:\/\/noticias.contakaizen.cl\/index.php\/wp-json\/wp\/v2\/users\/1"}],"replies":[{"embeddable":true,"href":"https:\/\/noticias.contakaizen.cl\/index.php\/wp-json\/wp\/v2\/comments?post=10"}],"version-history":[{"count":70,"href":"https:\/\/noticias.contakaizen.cl\/index.php\/wp-json\/wp\/v2\/pages\/10\/revisions"}],"predecessor-version":[{"id":182,"href":"https:\/\/noticias.contakaizen.cl\/index.php\/wp-json\/wp\/v2\/pages\/10\/revisions\/182"}],"wp:attachment":[{"href":"https:\/\/noticias.contakaizen.cl\/index.php\/wp-json\/wp\/v2\/media?parent=10"}],"curies":[{"name":"wp","href":"https:\/\/api.w.org\/{rel}","templated":true}]}}